 + 104. What is the remainder when 86 is divided by h?
40
Suppose 223*b + 2*q + 724 = 225*b, 1469 = 4*b - q. What is the remainder when b is divided by 17?
12
Let l = 339 + -158. Let f = 201 - l. Calculate the remainder when 54 is divided by f.
14
Suppose -4*f = -18 - 42. Suppose -3*m - 5*j = -107, 88 = -131*m + 133*m + 5*j. What is the remainder when m is divided by f?
4
Suppose -3*b = 60 - 6. Let o be 33 + 9 + (-15 - -6). Let r = b + o. What is the remainder when r is divided by 7?
1
Suppose -3*k - 4*x = -6*k - 85, 161 = -5*k - 3*x. Let z = 78 + k. Suppose -260 = z*p - 52*p. Calculate the remainder when p is divided by 11.
8
Let u(q) = -6*q**2 + 183*q + 154. What is the remainder when 1727 is divided by u(28)?
5
Suppose -92 = -5*c + p - 5*p, -5*c = p - 98. Suppose -100 = 4*j - 6*j. What is the remainder when 10 is divided by 138/c - (-5)/j?
3
Suppose 0 = 2*b - 3*g - 5 - 3, -3*g + 8 = 2*b. Suppose -4*n = -12, -b*n + 2*n - 84 = -5*f. What is the remainder when 89 is divided by f?
17
Suppose 32*b = 36*b. Suppose -2*c - 5*n - 10 = b, -c + 4 = -3*c - 2*n. What is the remainder when (-2)/(c + 8/(-652)) is divided by 33?
31
Suppose 3*z - 17 = 37. Suppose -m = 5 - z. Let q(f) = -6*f**2 + 403*f - 31. What is the remainder when q(67) is divided by m?
10
Let o(m) = 7*m**2 + 1199*m - 1971. Calculate the remainder when o(-173) is divided by 8/(-6)*(-78)/4.
1
Suppose 4*f - 2*u = -114, 5*f + 90 + 65 = 5*u. What is the remainder when 82 is divided by f/(-1) + 6*(-28)/(-42)?
22
Let z = 1673 - 1274. Calculate the remainder when z is divided by 4.
3
Let a = 340 + -321. Let t(n) = 37*n + 8 - 8. What is the remainder when t(2) is divided by a?
17
Suppose 2*j - 4*j = 5*a - 20, 3*j - 9 = -4*a. Suppose 2*q - 3*n - 496 = 0, -4*n + a*n = -2*q + 496. Calculate the remainder when q is divided by 10.
8
Let o = 350 - 352. What is the remainder when 1064 is divided by (0/o + (-31 - -30))*-71?
70
Let b = 92 - -234. Let p = 362 - b. What is the remainder when p is divided by 13?
10
Let t be 33 - (0 + 1)*1. Suppose t = j - 5*c, 4*c - 1 = -3*j - 0. Suppose -8*r + 14*r + 486 = 24*r. What is the remainder when r is divided by j?
6
Let m = -7924 - -12125. What is the remainder when m is divided by 4?
1
Let n(l) = -108*l - 413. What is the remainder when 1023 is divided by n(-5)?
7
Let o(z) = 2*z**3 - 11*z**2 + z - 21. Suppose 3*x = 6*x - 750. What is the remainder when x is divided by o(6)?
19
Suppose 8*p + 9*p = -850. Let y = p - -209. Suppose n = -5*u + 23, -2*n + 5*u + 69 = n. What is the remainder when y is divided by n?
21
Suppose 85*a - 47172 + 10707 = 0. Calculate the remainder when a is divided by 71.
3
Let z(w) = -w**3 + 21*w**2 + 21*w - 869. Suppose -2*v = t - 0*v - 85, -2*t + 2*v + 170 = 0. Calculate the remainder when z(19) is divided by t.
82
Let r = -2213 - -4194. What is the remainder when r is divided by 34?
9
Suppose 0 = -6*s + 12 + 24. What is the remainder when 135 + ((-30)/s - -5) is divided by 17?
16
Let h = 60 - 37. What is the remainder when h is divided by (25/(-200)*-60)/(3 - 13/6)?
5
Suppose -4*w - 4*c + 2468 = 0, -4*w + 174*c + 2420 = 170*c. What is the remainder when w is divided by 59?
21
Let w(r) = r**3 - 15*r**2 - 4*r - 1. Let q be w(12). Let d = q - -518. What is the remainder when 212 is divided by d?
27
Let w(z) = -3*z**2 - 96*z + 489. What is the remainder when w(-34) is divided by 201?
84
Let t = -574 + 947. What is the remainder when t is divided by 102?
67
Let v = -9 + 25. Let u(p) = p**2 - 28*p - 20. What is the remainder when u(36) is divided by v?
12
Let u be 80/(-15)*(21/2)/(-7). Suppose -u*f = -f - 196. Calculate the remainder when f is divided by 11.
6
What is the remainder when 34 is divided by ((-1092)/936)/((-1)/6)?
6
Let x(p) = 2*p**2 + 12*p + 8. Suppose -22*l - 120 = -2*l. Let a(i) = -i**2 + 10*i - 2. Calculate the remainder when a(4) is divided by x(l).
6
Let n(x) = -183*x + 961. Calculate the remainder when n(2) is divided by 40.
35
Let n(o) = 15*o**2 - o**2 + 2*o + 0*o. Let i be ((-57)/570)/(((-21)/(-30))/(-7)). Calculate the remainder when 46 is divided by n(i).
14
Let g(c) = 25*c + 14. Let b(j) = 24*j + 15. Let x(k) = -6*b(k) + 7*g(k). Let n be x(2). Let t = n - -29. Calculate the remainder when t is divided by 34.
31
Let p(i) = 6*i + 65. Calculate the remainder when 74 is divided by p(1).
3
Let s(t) = -t**3 + 17*t**2 - 31*t + 17. Let v be s(15). Suppose 3*f = -2*z - z + 93, 3*f - 78 = v*z. Calculate the remainder when 194 is divided by f.
26
Let n = 274 + -47. Let z(y) = 3*y**2 + 54*y + 274. Calculate the remainder when n is divided by z(-6).
53
Suppose 2*c - 14*c - 756 = -54*c. Let t = 7 - 5. Suppose -t*m - m = -210. What is the remainder when m is divided by c?
16
Suppose 0 = -4*y - 4*q + 28, 4*q - 3*q = 3*y - 17. Suppose -y*k - 833 - 211 = 0. Let b = -128 - k. What is the remainder when b is divided by 4?
2
Let k(u) = 85*u**2 - 485*u + 6. Suppose 2*q - 63 - 21 = 0. Calculate the remainder when k(6) is divided by q.
30
Let c = -5 - -21. Let s be ((-200)/140)/(3/(-84)). Suppose s*f - 37 - 203 = 0. Calculate the remainder when c is divided by f.
4
Let y(r) = -21*r**3 - r**2 - 11*r - 95. Calculate the remainder when y(-6) is divided by 13.
12
Suppose 0 = 3*a + 5*j - 1939 + 776, -5*a + 5*j = -1925. Calculate the remainder when a is divided by 89.
30
Let w(i) = -2*i + 1. Calculate the remainder when (96/30)/(40/300) is divided by w(-6).
11
Let o = -69 + 12. Let w = o - -69. Suppose -5*h + 52 = 2*c, -c + 2*h = c - 38. What is the remainder when c is divided by w?
9
Let p be (-3)/24 - (-1445)/40. Suppose 103*i = 112*i - p. What is the remainder when 27 is divided by i?
3
Let a be (-3)/12 + 133/(-28). Let g be 1 + 1/a*-5. Calculate the remainder when 8 is divided by -10 - -17 - (0 + g).
3
What is the remainder when (-146)/2*(-123 - -120) is divided by 191?
28
Let c be (8398/68)/(((-6)/4)/3). Let i = c - -280. Calculate the remainder when i is divided by 17.
16
Let q(y) = -y**3 + 14*y**2 - 31*y + 2. Let k be q(10). Let r = 124 - k. Let h = r - -4. Calculate the remainder when 71 is divided by h.
35
Suppose -69 = -i - 15. Let g = 4 + 1. Suppose g*p + 0*w + 2*w - 59 = 0, 3*p - w - 31 = 0. Calculate the remainder when i is divided by p.
10
Let s = 18143 + -18005. What is the remainder when 8138 is divided by s?
134
What is the remainder when 551 is divided by 1112/14 - ((-492)/28 - -18)?
77
Suppose -311 = -10*m + 49. Let b be 9/m*16/2. Suppose b*u - 39 = -17. Calculate the remainder when 75 is divided by u.
9
Calculate the remainder when 1557 - (12/(-8) - 8/16) is divided by 20.
19
Suppose 22860 = 28*h + 15*h - 7*h. Calculate the remainder when h is divided by 78.
11
Let x(g) = -109*g - 742. Calculate the remainder when 26 is divided by x(-7).
5
Suppose 99*m + 10 = 74*m + 210. What is the remainder when 878 is divided by m?
6
Suppose 0 = -k + 4*l + 390, -k - 23*l + 26*l + 394 = 0. What is the remainder when k is divided by 82?
78
Let k(n) = 171*n - 22740. Let u be 114/27 - 2/9. Suppose 0*l + 28 = 3*a + 2*l, -u*a + 4*l + 4 = 0. Calculate the remainder when a is divided by k(133).
0
Let p = 918 - 356. Let n = -522 + p. Let w = 546 - 308. What is the remainder when w is divided by n?
38
Suppose 2*a - 3*d - 59 = 40, 0 = 3*a + 3*d - 171. Let z(l) = -3*l**3 + 37*l**2 - 5*l - 9. Calculate the remainder when z(12) is divided by a.
21
Suppose -5*m + 2853 = -0*m - 3*y, 5*y + 1715 = 3*m. Suppose -13*p + 249 = -m. Calculate the remainder when p is divided by 60.
3
Let f = 24 + -11. Suppose -2224 = -71*u + 1202 + 2822. What is the remainder when u is divided by f?
10
Suppose -2*g - 2*j = -690, -3*g + 1025 = -j + 2*j. Suppose -5*v - 75 = -g. Calculate the remainder when v is divided by -6*(44/33)/(-3 + 2).
5
Let i(u) = -4*u + 55. Let f be i(10). Let a = 20 - 7. Calculate the remainder when 30*-5*(-2)/f is divided by a.
7
Suppose 0 = 4*z + 691 + 665. Let j = z - -407. Suppose 4*p - p - 4*n - 85 = 0, 2*n = 4*p - 100. What is the remainder when j is divided by p?
22
Let v = 2590 - 1808. Calculate the remainder when v is divided by 131.
127
Calculate the remainder when 5*698 + -44 + 23 is divided by 28.
25
Let a be 652/18 - (61/(-9) - -7). Suppose 24 = -2*l + a. Let r(q) = -q**2 - 9*q + 14. What is the remainder when l is divided by r(-10)?
2
Let 